n thousands digit of 152919?
5
What is the ten thousands digit of 26172?
2
What is the units digit of 2383?
3
What is the hundreds digit of 31266?
2
What is the hundreds digit of 76200?
2
What is the hundreds digit of 4463?
4
What is the hundreds digit of 19956?
9
What is the thousands digit of 3802?
3
What is the ten thousands digit of 53491?
5
What is the thousands digit of 3970?
3
What is the hundreds digit of 1111?
1
What is the tens digit of 509?
0
What is the thousands digit of 71264?
1
What is the tens digit of 16986?
8
What is the units digit of 7608?
8
What is the thousands digit of 33231?
3
What is the units digit of 1965?
5
What is the hundreds digit of 37970?
9
What is the units digit of 6703?
3
What is the units digit of 9626?
6
What is the hundreds digit of 685?
6
What is the units digit of 22673?
3
What is the hundreds digit of 3446?
4
What is the thousands digit of 1504?
1
What is the units digit of 8840?
0
What is the ten thousands digit of 82182?
8
What is the thousands digit of 102782?
2
What is the hundreds digit of 250?
2
What is the tens digit of 10273?
7
What is the units digit of 877?
7
What is the units digit of 9652?
2
What is the tens digit of 3643?
4
What is the tens digit of 145666?
6
What is the hundreds digit of 1093?
0
What is the tens digit of 2722?
2
What is the tens digit of 10188?
8
What is the thousands digit of 2957?
2
What is the ten thousands digit of 44976?
4
What is the hundreds digit of 864?
8
What is the thousands digit of 79955?
9
What is the hundreds digit of 10167?
1
What is the units digit of 43795?
5
What is the tens digit of 929?
2
What is the hundreds digit of 840?
8
What is the units digit of 4956?
6
What is the units digit of 2817?
7
What is the hundreds digit of 48213?
2
What is the tens digit of 14246?
4
What is the units digit of 482?
2
What is the units digit of 1439?
9
What is the thousands digit of 59931?
9
What is the thousands digit of 8305?
8
What is the hundreds digit of 2170?
1
What is the units digit of 12840?
0
What is the hundreds digit of 1300?
3
What is the hundreds digit of 595?
5
What is the units digit of 3578?
8
What is the units digit of 8835?
5
What is the units digit of 6399?
9
What is the tens digit of 5451?
5
What is the thousands digit of 19108?
9
What is the tens digit of 8508?
0
What is the thousands digit of 28766?
8
What is the hundreds digit of 10079?
0
What is the hundreds digit of 81044?
0
What is the hundreds digit of 6850?
8
What is the tens digit of 4341?
4
What is the units digit of 1318?
8
What is the thousands digit of 10320?
0
What is the hundreds digit of 1415?
4
What is the thousands digit of 21703?
1
What is the units digit of 498?
8
What is the units digit of 47?
7
What is the tens digit of 5764?
6
What is the units digit of 535?
5
What is the thousands digit of 4860?
4
What is the tens digit of 71193?
9
What is the thousands digit of 4090?
4
What is the thousands digit of 10586?
0
What is the tens digit of 30483?
8
What is the tens digit of 9311?
1
What is the tens digit of 3841?
4
What is the ten thousands digit of 26306?
2
What is the thousands digit of 3893?
3
What is the ten thousands digit of 12924?
1
What is the units digit of 2925?
5
What is the tens digit of 11772?
7
What is the units digit of 2671?
1
What is the thousands digit of 1967?
1
What is the units digit of 2054?
4
What is the thousands digit of 11984?
1
What is the hundreds digit of 670?
6
What is the tens digit of 379?
7
What is the tens digit of 2072?
7
What is the units digit of 17971?
1
What is the units digit of 1175?
5
What is the tens digit of 131?
3
What is the units digit of 3073?
3
What is the units digit of 4609?
9
What is the units digit of 2737?
7
What is the hundreds digit of 4678?
6
What is the hundreds digit of 1221?
2
What is the units digit of 1521?
1
What is the units digit of 1954?
4
What is the tens digit of 1921?
2
What is the thousands digit of 4832?
4
What is the hundreds digit of 655?
6
What is the tens digit of 23?
2
What is the hundreds digit of 8645?
6
What is the hundreds digit of 2748?
7
What is the units digit of 6521?
1
What is the hundreds digit of 3363?
3
What is the hundreds digit of 2368?
3
What is the units digit of 21970?
0
What is the units digit of 1174?
4
What is the units digit of 2840?
0
What is the tens digit of 22914?
1
What is the ten thousands digit of 40510?
4
What is the units digit of 1864?
4
What is the hundreds digit of 39576?
5
What is the tens digit of 4108?
0
What is the tens digit of 7589?
8
What is the hundreds digit of 1189?
1
What is the tens digit of 1301?
0
What is the tens digit of 935?
3
What is the hundred thousands digit of 162044?
1
What is the tens digit of 26?
2
What is the thousands digit of 49529?
9
What is the thousands digit of 146027?
6
What is the hundreds digit of 37615?
6
What is the thousands digit of 72357?
2
What is the thousands digit of 7186?
7
What is the thousands digit of 5208?
5
What is the hundreds digit of 8560?
5
What is the tens digit of 1197?
9
What is the thousands digit of 6789?
6
What is the hundreds digit of 4280?
2
What is the thousands digit of 46011?
6
What is the tens digit of 116068?
6
What is the units digit of 161?
1
What is the thousands digit of 26987?
6
What is the thousands digit of 5089?
5
What is the hundreds digit of 6743?
7
What is the thousands digit of 1655?
1
What is the units digit of 292?
2
What is the tens digit of 903?
0
What is the hundreds digit of 13997?
9
What is the tens digit of 52933?
3
What is the tens digit of 22?
2
What is the thousands digit of 1321?
1
What is the tens digit of 4275?
7
What is the tens digit of 596?
9
What is the units digit of 2283?
3
What is the hundreds digit of 179?
1
What is the thousands digit of 127856?
7
What is the hundreds digit of 597?
5
What is the tens digit of 2147?
4
What is the thousands digit of 79692?
9
What is the thousands digit of 8117?
8
What is the tens digit of 63213?
1
What is the hundreds digit of 58586?
5
What is the tens digit of 21378?
7
What is the hundreds digit of 2307?
3
What is the tens digit of 141?
4
What is the thousands digit of 23110?
3
What is the tens digit of 29?
2
What is the thousands digit of 38249?
8
What is the units digit of 3692?
2
What is the ten thousands digit of 24294?
2
What is the tens digit of 37861?
6
What is the tens digit of 3411?
1
What is the tens digit of 3265?
6
What is the hundreds digit of 98378?
3
What is the ten thousands digit of 58577?
5
What is the hundreds digit of 75211?
2
What is the units digit of 50787?
7
What is the tens digit of 1253?
5
What is the hundreds digit of 8687?
6
What is the tens digit of 160572?
7
What is the hundreds digit of 1710?
7
What is the tens digit of 3746?
4
What is the units digit of 9886?
6
What is the thousands digit of 117416?
7
What is the tens digit of 5277?
7
What is the tens digit of 2892?
9
What is the thousands digit of 11283?
1
What is the hundreds digit of 7003?
0
What is the tens digit of 711?
1
What is the units digit of 2107?
7
What is the hundred thousands digit of 135568?
1
What is the ten thousands digit of 65450?
6
What is the tens digit of 1266?
6
What is the units digit of 2467?
7
What is the hundreds digit of 42020?
0
What is the tens digit of 197?
9
What is the hundreds digit of 1054?
0
What is the units digit of 1082?
2
What is the ten thousands digit of 124812?
2
What is the tens digit of 634?
3
What is the hundreds digit of 918?
9
What is the tens digit of 44827?
2
What is the units digit of 13131?
1
What is the hundreds digit of 569?
5
What is the thousands digit of 8473?
8
What is the units digit of 88598?
8
What is the hundreds digit of 2488?
4
What is the thousands digit of 3158?
3
What is the ten thousands digit of 42476?
4
What is the ten thousands digit of 79424?
7
What is the tens digit of 722?
2
What is the ten thousands digit of 75308?
7
What is the tens digit of 42003?
0
What is the thousands digit of 1015?
1
What is the thousands digit of 186819?
6
What is the units digit of 1853?
3
What is the tens digit of 6875?
7
What is the thousands digit of 153528?
3
What is the hundreds digit of 3256?
2
What is the units digit of 1074?
4
What is the units digit of 1642?
2
What is the hundreds digit of 36520?
